).
3
What is the value of 2 + (3 - (13 - 3)) + 3?
-2
Calculate -1 + 7 - (35 + -33).
4
What is the value of -5 + 0 + 3 + -4?
-6
Calculate -3 + 0 + (3 - -1).
1
What is -5 + (2 - -1 - 5)?
-7
Calculate 1 + -2 + (7 - 3).
3
What is -12 - (3 + -10 + 1)?
-6
1 + (17 - 25 - (-4 + -2))
-1
-1 + -2 + 10 + -2
5
What is 3 + (-4 - (-1 + 5))?
-5
0 - (0 - (3 + -2) - -2)
-1
Calculate 3 - ((-2 - (0 + -2)) + 6).
-3
Calculate -3 - (-3 - (3 + -3 + 2)).
2
What is (0 - (8 + 1 + -7)) + -4?
-6
What is 25 - 20 - (-1 - -3)?
3
What is the value of 5 + -16 + 0 + 9?
-2
What is the value of -1 - -1 - ((3 - 15) + 12)?
0
-10 + 1 - -7 - -3
1
Evaluate 9 + -15 - (-2 + -1).
-3
What is the value of 1 - -8 - (5 + -3)?
7
What is the value of (5 + 1 - (-28 - -32)) + 2?
4
Calculate -3 + (3 - -5) - 6.
-1
Evaluate 2 + -7 + -4 + 5 + 2.
-2
What is the value of -4 + 0 + -2 - (14 + -16)?
-4
What is the value of 10 + 0 + -12 + 12?
10
What is (-1 - (-2 - -1)) + (18 - 21)?
-3
What is 3 - -1 - (-3 + 9)?
-2
What is -6 + 3 + 2 - (12 - 6)?
-7
What is -2 + (3 - -3) + -5?
-1
Evaluate 0 - ((-1 - 12) + (-71 - -78)).
6
What is the value of 0 - ((8 - (2 - -2)) + -8)?
4
Calculate 13 - (11 + -5 + 0) - 2.
5
Evaluate 2 - 0 - (6 - 4).
0
(-11 - -12) + (-2 - -3)
2
What is 0 + 1 - (2 + -3 + -3)?
5
Evaluate -3 + (-1 + 6 - -6 - 6).
2
-4 - (-11 + (2 - 1) + 1)
5
Calculate (1 - -5) + (-3 - 0) - -6.
9
Calculate -9 + 9 - (-5 - -1).
4
-8 + 6 + 4 + 0
2
-3 + -7 + 2 + 3 + 10
5
Evaluate -4 - 1 - -3 - (-1 + -3).
2
(0 - (1 - -6)) + 3
-4
Evaluate 7 + 7 + 6 + -21.
-1
What is the value of -4 - (-1 + 0 + 0) - -7?
4
Evaluate -5 - (12 + -9) - -10.
2
Evaluate -1 + 2 + 4 - 4.
1
What is 14 + -11 + (4 - 2)?
5
Evaluate 4 + 1 + 8 + -24.
-11
What is the value of -17 - (-5 + -10 - -6)?
-8
Evaluate -11 - (-10 + -5) - 4.
0
Calculate -3 + -1 + 3 + -4 + 9.
4
Calculate 2 + (3 - 0) + -8.
-3
What is the value of 3 - (3 - (-3 + 4 + -1))?
0
What is the value of -10 + -9 + (18 - 0)?
-1
Evaluate -50 - -52 - (-3 - 0 - -1).
4
What is 5 + (5 - 4) + -4?
2
Evaluate -2 + -1 + -1 + 0.
-4
(26 - 8) + -8 + (0 - 1)
9
What is the value of 1 - (3 - (1 - -7))?
6
Calculate -1 + -1 - 4 - -1 - -6.
1
Calculate 2 + -5 - (-3 + 0).
0
Evaluate 5 + -1 + -28 + 25.
1
Evaluate 0 + -9 + (-141 - -156).
6
Evaluate (-1 - -6) + -2 - -1.
4
Evaluate (9 - (13 + -9)) + 2 + -5.
2
What is the value of -5 + (3 - -2 - 1)?
-1
Evaluate 1 + 2 + -4 + -4 - 2.
-7
Evaluate -1 + -4 + -9 + 8.
-6
What is 0 - (7 - (-3 - (-4 + -1)))?
-5
7 + (-6 + -6 - 4)
-9
Calculate -3 - (-11 - -6 - (1 + -2)).
1
Calculate 1 - (1 + 2 - 5).
3
What is 7 - (-3 + 8 + -9 - -6)?
5
Calculate (-4 - -7) + 0 + -1.
2
What is the value of 8 + -5 + 0 - 3?
0
Calculate 5 + -3 + (-4 - -8).
6
What is (0 - (-1 - 0)) + 11 + -14?
-2
What is the value of (-1 - -4) + 1 - 3?
1
What is -4 - (-6 - (-1 + -3))?
-2
11 + -9 + -5 + 7
4
-8 - (5 + (-6 - 15))
8
Calculate (-3 - (-5 + 3)) + (-2 - 2).
-5
What is the value of (0 + -3 - -7) + -8?
-4
What is 1 + (-6 + 4 - -1)?
0
What is the value of -2 + 9 + (-6 - 1)?
0
What is (-3 - -1 - 0) + 10?
8
Calculate -8 + (2 - (-3 + 4)).
-7
Calculate -5 - (-4 - (4 + -6)).
-3
-1 - (0 - 4) - (-2 + 5)
0
Calculate -7 + 7 + -2 + (-2 - -2).
-2
Calculate (5 - 12) + 1 - (-5 - -8).
-9
Calculate (3 + -1 - (0 + 2)) + -4.
-4
What is the value of -23 - (-25 - (-11 + -1))?
-10
Evaluate -12 - (1 + -4 - 0).
-9
5 + (2 - (-3 + 5))
5
Calculate 3 - ((7 - (-2 + 3)) + -1).
-2
(49 - 44) + -1 + -6
-2
What is 1 - (-5 + (4 - 0))?
2
Calculate 7 + -2 + (-1 + -6 - -8).
6
Calculate (-3 - (8 - (-3 - -2))) + 6.
-6
What is the value of 15 - (-21 + 10 - -22)?
4
Calculate 5 + -3 + -1 + 1.
2
What is (0 - 0) + (-6 - -7)?
1
Evaluate 1 - (4 + -3 - -4).
-4
What is the value of 4 + -4 + 3 + -2?
1
Calculate 15 + -9 + -30 - -14.
-10
Calculate -3 + 6 + 2 + -9.
-4
(-12 - 0 - -4) + 4
-4
What is 3 - 1 - (0 - 2)?
4
What is -18 + 3 - (-12 - 13)?
10
-15 - -3 - (-19 + 9)
-2
Calculate -5 + 3 + -10 + -3 + 8.
-7
What is -2 + 2 + (1 - 1 - -5)?
5
5 + -1 - (-2 + 7)
-1
What is the value of (-11 + 18 - 2) + -1 + -1?
3
(5 - -1) + -1 + (-7 - -3)
1
What is (-5 - 3) + 3 + 11?
6
What is the value of 1 + (4 - 3) + 0 + 3?
5
Calculate 2 + -1 + 6 + -4.
3
What is (0 - 0) + 35 + -34?
1
Evaluate -1 + -1 + -8 + 21 + -7.
4
What is the value of (0 - -5) + 17 + -19?
3
Calculate (-4 - 0) + 1 - (-33 - -35).
-5
What is 1 + -6 + 4 + 5 + 2?
6
Evaluate -4 + (2 - 2 - -4).
0
Calculate 15 + -3 + 2 + -22.
-8
-1 - -5 - -6 - 14
-4
Calculate -102 + 100 + 8 + (-1 - -2).
7
What is the value of -9 + (-1 - -2) - -6?
-2
Calculate -2 - (-5 - -1 - 0).
2
Evaluate (-3 + 1 - -1) + (8 - 2).
5
What is 11 + 7 + 2 + -14?
6
What is (-1 - 0 - (13 + -13)) + -2?
-3
Calculate -15 - (-6 + 0) - -8.
-1
What is the value of -1 + (-2 + 6 + 3 - -1)?
7
Evaluate -2 - ((-4 - -1) + 0).
1
Evaluate 0 + (4 + -8 - 0) + 4.
0
(-2 + 2 - 6) + -4 + 4
-6
What is (12 - (3 + 2)) + -2?
5
What is the value of 3 + -4 - -5 - (7 - 3)?
0
(2 - 4 - 1) + (-4 - -4)
-3
Evaluate 1 - 1 - (1 - -4).
-5
-10 + 7 + (-11 - -7)
-7
Calculate (-4 - (-3 + 5)) + 6 + -1.
-1
18 + -14 + (-2 - 2)
0
What is the value of (14 - 24) + -6 - -11?
-5
Evaluate (-11 - -13) + (1 - 4) - -8.
7
Calculate 2 + -14 - (-44 + 38).
-6
Evaluate 0 - (10 + -6 + (-8 - -14)).
-10
(6 - -6 - 20) + 11
3
What is the value of -4 + 6 + 6 - 5?
3
What is the value of -1 + -2 + 4 - (2 - 5)?
4
-2 + -1 - (-4 + -1)
2
What is the value of 8 - (-2 + 2 - -3)?
5
Calculate 6 + (-1 - 2) + -1.
2
(4 - (5 + (-10 - -4))) + -9
-4
What is 3 - ((-4 - 1) + 2 + -4)?
10
-15 - -5 - -8 - -5
3
What is -2 - -7 - (8 - -2)?
-5
What is the value of 5 + -9 + 11 + -10?
-3
What is the value of (-13 - -13) + 0 + 3 - 8?
-5
-7 + (0 - (-14 + (11 - 7)))
3
What is (4 - -5) + -2 - 3?
4
Evaluate -2 - (3 + -7 + 6) - 3.
-7
0 + (-4 + 3 - -1) - 2
-2
What is the value of (-8 - 1) + 7 - -3?
1
What is -1 + 1 + -47 + 43?
-4
Evaluate -14 + 11 + 5 + -2 + -1.
-1
What is the value of 7 + -1 + -4 + (-8 - -10)?
4
What is the value of (-2 - 3) + 1 + 5?
1
-11 + 3 - (5 - 13)
0
-1 - 5 - (-6 + 2 + 2)
-4
What is -10 + (-14 - -10) - -17?
3
What is -1 + -5 + 2 - 0?
-4
Evaluate -3 + -2 + 5 + 9 + -10.
-1
What is (-2 - -3) + 3 + -31 + 33?
6
Calculate 6 + (-2 - (8 + -12)).
8
What is 139 + -132 + (-2 - -1)?
6
What is the value of (0 + (0 - 6) - 2) + 16?
8
Calculate 5 + -10 + 7 + 0 + 1.
3
(3 - 0) + -4 - (1 + -1)
-1
What is 1 - -7 - (2 + -2)?
8
Evaluate (0 + 7 - 2) + -1 + 0.
4
Evaluate -22 + 16 + -3 + 1 - -2.
-6
What is 2 - 2 - (-5 + (3 - 1))?
3
Evaluate 6 + 13 + -14 - (-3 - 1).
9
Evaluate (4 - (1 - -2)) + -1 - 0.
0
What is the value of 7 + -4 + 7 + -7?
3
Evaluate -8 + 0 + 15 + -7 - 8.
-8
Evaluate 6 - ((-2 - -2) + 4).
2
Calculate 1 - (-1 - (11 + -6 - 10)).
-3
What is the value of 0 + -3 + 3 - (-2 - 1)?
3
Evaluate (1 - 2) + (-90 - -87).
-4
What is (4 - 7) + -7 - -6?
-4
What is the value of (1 + (3 - 0) - 4) + 2?
2
What is (6 - 5 - 1) + -2?
-2
Calculate (-4 - -1) + (10 - 10).
-3
25 + -12 + -6 - 1
6
-1 - (5 + 6 + -4)
-8
What is the value of (16 - (10 + 1)) + -1 + -1?
3
What is 3 + (-5 + 1 - -4)?
3
What is (10 - (7 - 1)) + -5 + -1?
-2
Evaluate (-3 - (-1 - 3)) + 4.
5
What is -32 - (-7 + -11) - (1 - 5)?
-10
What is the value of -1 + 10 + -6 + -1?
2
Calculate -3 + -2 + (1 - 1).
-5
Calculate 13 - (12 + 0 - 8).
9
Evaluate (16 - (7 + 0)) + -7.
2
(10 - (8 - 5)) + -8
-1
What is the value of 145 - 139 - (-1 + 0)?
7
Calculate -3 + 8 - (-10 - -12).
3
What is the value of -8 - -1 - (14 + (-30 - -14))?
-5
Calculate 2 + -9 - (2 - 8).
-1
Evaluate 3 - (4 - (6 + -1)).
4
0 - 3 - -4 - 6
-5
What is the value of (-6 - (-12 - -12)) + 0?
-6
Evaluate (-23 + 3 - -9) + 19.
8
What is the value of 0 - -5 - 9 - -2 - 3?
-5
Evaluate -1 - 2 - (-5 - (-3 + 0)).
-1
Calculate -1 - (0 - (3 + -2)).
0
What is the value of -1 + 0 + 0 - (20 - 24)?
3
What is the value of (2 - (-4 - -9)) + 4 - 4?
-3
What is the value of 3 + (-2 - 9) - -12?
4
(-4 - (-1 + -4)) + -3
-2
Evaluate -2 + -18 + 23 + 4 + 0.
7
What is 4 - (5 + -3 + 0)?
2
10 - (-9 - (-24 + 4))
-1
What is the value of (1 - 0 - (-10 - -13)) + 6?
4
Calculate 2 - (2 - (9 - 4)).
5
Calculate 1 + -2 + -2 + -2.
-5
Calculate (-3 - -1) + 0 - (4 + -2).
-4
What is 8 + (-10 - -5) - -2?
5
Calculate -1 + 0 + 6 + 0.
5
(0 - 0) + 0 - (2 - 1)
-1
What is 1 - 3 - -5 - 4?
-1
Evaluate (2 - -3) + -1 + -1.
3
Evaluate 7 + -4 - (-4 - (-7 - -4)).
4
3 + -9 + 9 - (7 - -2)
-6
What 